t f(s) = 3*c(s) + l(s). Let d = -2 - -3. What is the remainder when d is divided by f(-4)?
0
Suppose -3*k + 2 + 2 = -m, 4*k + 2*m = 12. Suppose k*x + 0*x - 4*l = 2, -64 = -4*x - 4*l. Calculate the remainder when 32 is divided by x.
10
Calculate the remainder when 8/(-20) + ((-187)/(-5) - 3) is divided by 18.
16
Let z be 43 + 1 + 2 + -2. Suppose 2*p - z = 3*a + a, 4*p = -3*a - 33. What is the remainder when 11 is divided by 2/11 + (-42)/a?
3
What is the remainder when 4*(-19)/(-6)*(29 - 17) is divided by 31?
28
Suppose -2*k + 341 = 5*r, 0*k = 3*r - 2*k - 211. Suppose o + r = 4*o. Let u(f) = -f**3 - 3*f**2 - 5*f - 2. What is the remainder when o is divided by u(-3)?
10
Let r(g) = 17*g + 2. Let l(z) = 9*z + 1. Let h(o) = 11*l(o) - 6*r(o). What is the remainder when 15 is divided by h(-3)?
7
Let j(o) = -o**3 + 6*o**2 - o - 6. What is the remainder when 12/42 - (-278)/7 is divided by j(5)?
12
Suppose -5*d + 17 = -3*c, -d = -c + 5*c - 8. Let v = d - 2. Suppose 0 = 3*w - v*w - 9. Calculate the remainder when 26 is divided by w.
8
Let m = -43 + 93. Let d = m + -24. Let a(x) = x**3 - 3*x**2 - x + 2. What is the remainder when d is divided by a(4)?
12
Suppose 3*k - 4*i - 2 + 12 = 0, 0 = -5*k - 3*i + 22. Suppose 4*s - 62 = k*m, -m - 3*m + 44 = 4*s. What is the remainder when s is divided by 5?
4
Suppose 0 = -m + 6*f - f, 0 = -5*f + 5. What is the remainder when -3 + ((-118)/(-6) - (-3)/9) is divided by m?
2
Let n(a) = a**3 - 7*a**2 + 7*a + 6. Calculate the remainder when n(7) is divided by 14.
13
Suppose 0 = 4*i - 2*i + 5*n - 123, 4*i = -4*n + 228. Calculate the remainder when i is divided by 6/4 + 35/2.
16
Suppose -25 + 1 = 3*z. Let n(h) = -h**3 - 9*h**2 - 8*h + 3. Let f be n(z). Suppose f*g - 40 = 2*g. What is the remainder when g is divided by 14?
12
Let m = 11 - 8. Suppose w + 4*t - 9 - 18 = 0, -m*t = 5*w - 84. Calculate the remainder when 29 is divided by w.
14
Suppose 0 = 3*v - 16 - 2. Let a = 7 + -5. Suppose 2*s - 4*g = 50, a*g - 2 + 50 = 2*s. Calculate the remainder when s is divided by v.
5
Suppose -q + 109 = -h, -5*q - 4*h + 5*h + 529 = 0. Let c = q - -231. Suppose 80 - c = -4*z. Calculate the remainder when z is divided by 22.
20
What is the remainder when 57 is divided by 3/(-2)*(-80)/6?
17
Let j(y) = 46*y. Calculate the remainder when j(1) is divided by 16.
14
Let b(i) = 56*i - 19. What is the remainder when b(3) is divided by 30?
29
Let l(u) = u**2 - 4*u + 41. What is the remainder when l(0) is divided by 7?
6
Let y be 114/(-2)*(-5)/15. Suppose 5*b = -q - 4*q + 40, -3*q + y = 2*b. What is the remainder when b is divided by 4?
1
Suppose 0 = 2*j + 15 + 3. Let s be (j/3)/(2 + -3). What is the remainder when 16 is divided by 9 - 0/(6 - s)?
7
Let f(z) = 3*z + 5. Let i(n) = -5*n - 11. Let g(u) = 13*f(u) + 6*i(u). Let q(y) = y - 4. Let m be q(8). Calculate the remainder when g(m) is divided by 18.
17
Let i = -3 - -1. Let g be 0 + 0 - (i - 3). Suppose 17 + 23 = g*q. What is the remainder when 15 is divided by q?
7
Let n = 11 - 6. Suppose -j = n*a - 288, j = -a - 0*j + 60. What is the remainder when a is divided by 20?
17
Suppose 10*v - 11*v = -11. Let x = -3 - -3. Calculate the remainder when 19 + x - (3 + -3) is divided by v.
8
Suppose -143 = -6*f + 19. Calculate the remainder when f is divided by 7*3*(-2)/(-3).
13
Let b be (-1)/5 + 5/25. Suppose b = c - 4*c + 87. What is the remainder when c is divided by 10?
9
Let c(q) = 3*q**2 + 5*q + 3. Suppose -2*y = -4*g + 170 + 60, 0 = g - 3*y - 60. Calculate the remainder when g is divided by c(-3).
12
Let t(z) = z + 9. Let h = 17 + -11. Let p = -2 - h. Calculate the remainder when 2 is divided by t(p).
0
Let z(m) be the second derivative of m**3/3 - 3*m**2/2 + 2*m. Calculate the remainder when 9 is divided by z(4).
4
Calculate the remainder when 0/(-2 - -5) - -58 is divided by 20.
18
Let j(q) = q**3 + q**2 - 3*q + 1. Calculate the remainder when (-102)/(-5) - 2/5 is divided by j(2).
6
Suppose -j = -1 - 19. Suppose 3*w - 7 = -g, 5 = -2*w + w - 4*g. Suppose -w*v + v + 22 = 0. Calculate the remainder when j is divided by v.
9
Let g = 58 + -37. Calculate the remainder when 41 is divided by g.
20
Let i be 10*((-9)/6)/(-3). Suppose i*g - 245 = -75. What is the remainder when g is divided by 9?
7
Let a(f) = -f**2 - 5*f - 4. Let u be a(-4). Suppose -4 + 14 = 5*n. What is the remainder when ((-2)/2 + u)*-4 is divided by n?
0
Suppose -4*g + 11 + 21 = 0. Calculate the remainder when (14/4)/((-2)/(-8)) is divided by g.
6
Let s = 30 - 12. What is the remainder when s is divided by 11?
7
Suppose 2*k + 189 = 5*k. What is the remainder when k is divided by 5?
3
Suppose 0 = 2*w - 8 - 4. What is the remainder when 75/6 - w/(-4) is divided by 4?
2
What is the remainder when 23 is divided by (-279)/(-21) + 2/(-7)?
10
Suppose -o - o + 3 = 5*w, 2*o = w - 3. Suppose w + 3 = x. Let n(g) = 2*g - 3. Calculate the remainder when n(5) is divided by x.
3
Suppose 4*w = 2*w + 24. Suppose 4*m = 24 + w. Suppose -z + 4*z - 51 = 0. What is the remainder when z is divided by m?
8
Let n = 1 - 4. Let h(t) = 9*t + 2. Let f be h(3). Let b = f + n. What is the remainder when b is divided by 14?
12
Let k(o) = o**2 - 2*o - 3. Let g be k(-2). Suppose 11*m - 8 = 7*m. Suppose q = -m + g. What is the remainder when 10 is divided by q?
1
Suppose 5*o + 0*o = -265. Let r = o - -82. What is the remainder when r is divided by 78/8 - 3/(-12)?
9
Suppose -5*l + 8 + 18 = g, 3*l - 20 = -5*g. Suppose -l = -d - 0*d. What is the remainder when d is divided by 3?
2
Let j be -4 - 1 - (-5 + 5). Calculate the remainder when 2*(230/(-4))/j is divided by 8.
7
Let r(y) = 2*y**3 + 16*y**2 + 9*y - 6. Calculate the remainder when 114 is divided by r(-7).
27
Let z = 7 + -4. Suppose 2*u - 36 = -4*l, 2*u + 14 = z*u + l. Calculate the remainder when u is divided by 3.
1
Let w be (-53)/(-3) - 3/(-9). Let n = w + -8. What is the remainder when 29 is divided by n?
9
Let p(t) = t. What is the remainder when 10 is divided by p(3)?
1
Let z(p) be the first derivative of 7*p**3/3 + p**2/2 + p - 3. Calculate the remainder when z(3) is divided by 23.
21
Let f be (-12)/4*(-290)/6. Suppose 0 = -0*x - 5*x + 5*c + 20, 8 = 2*x - 4*c. Suppose x*w = -w + f. Calculate the remainder when w is divided by 10.
9
What is the remainder when 286 is divided by 1/(-3) + (-1067)/(-33)?
30
Suppose k + k = 60. Let h = -14 - -17. Suppose h*a - 2*a = k. Calculate the remainder when a is divided by 16.
14
Let p = 19 + -6. Calculate the remainder when 63 is divided by p.
11
Calculate the remainder when 37 is divided by (-2)/(3 + (-65)/20).
5
Suppose -5*n + 2 = -2*v, 2*n - 4*v = -5*v - 1. Suppose n = g + 1, 2*b - 17 + 2 = -g. What is the remainder when 22 is divided by b?
6
Let u be -2 - (2 + -1 + -30). Suppose -709 = -3*l - 5*p + u, -p + 1256 = 5*l. What is the remainder when 38 is divided by (-2)/(-5) + l/20?
12
Suppose 47 = 2*r - 45. What is the remainder when r is divided by 16?
14
Let i = -11 - -17. What is the remainder when 445/15 + 2/i is divided by 16?
14
Let f(r) = -r. Let j be f(-2). Suppose -2*d - 3*d - 2*t = -12, 0 = -2*d + 4*t. Suppose -d*k + 100 = j*k. Calculate the remainder when 73 is divided by k.
23
Let m(d) = -16*d**3 - 7*d**2 - 4*d. What is the remainder when m(-2) is divided by 22?
20
Let f be (18/(-4))/(6/(-8)). Suppose 2*b = 4*b + f. Calculate the remainder when 26 is divided by 1*10 - (-3)/b.
8
What is the remainder when 65 is divided by 2/(-2) + 20 - 2?
14
Let r = 58 + -37. Calculate the remainder when r is divided by 12.
9
What is the remainder when 48 is divided by ((-152)/20)/((-4)/10) + -2?
14
Let c(g) = -g + 1. Calculate the remainder when 287 is divided by c(-16).
15
Calculate the remainder when 42 is divided by 1*4*22/4.
20
Suppose -5*d - 52 = 2*m - 2, 4*d = -m - 22. Let f = m + 66. Calculate the remainder when f is divided by 13.
10
Suppose -5*b + 39 = 2*p, 6*b - 3*b = 2*p + 1. Suppose -92 - p = -3*o. Calculate the remainder when o is divided by (16 - -1)/((-1)/(-1)).
16
Suppose 2*a - 45 = h, -h = a - 13 - 17. Suppose 0*o - o + a = 0. Let f(j) = j**3 + 6*j**2 - 12. What is the remainder when o is divided by f(-5)?
12
Suppose 18*f - 15*f = 39. Calculate the remainder when f is divided by 8.
5
Suppose 3*m + 5*p = 3, 0 = -2*m + 3*m - 5*p - 1. Let r(t) = 3*t**2 - t + 0 + 11*t**